 multiple of 6?
True
Is 2160 a multiple of 60?
True
Is 33 a factor of 429?
True
Is 224 a factor of 18368?
True
Is 3160 a multiple of 30?
False
Is 2 a factor of 33?
False
Does 6 divide 542?
False
Is 1569 even?
False
Does 20 divide 1200?
True
Does 21 divide 779?
False
Does 22 divide 2042?
False
Is 23 a factor of 343?
False
Is 2373 a multiple of 3?
True
Does 17 divide 673?
False
Is 19 a factor of 2999?
False
Does 93 divide 26008?
False
Is 52 a factor of 40411?
False
Does 5 divide 263?
False
Is 22 a factor of 2552?
True
Is 172 even?
True
Is 37 a factor of 4551?
True
Is 56 a factor of 3372?
False
Does 23 divide 22200?
False
Does 59 divide 13747?
True
Is 52 a multiple of 6?
False
Is 54 a multiple of 6?
True
Does 22 divide 95640?
False
Is 2400 a multiple of 54?
False
Is 1241 a multiple of 73?
True
Does 162 divide 7290?
True
Does 3 divide 104?
False
Is 4587 a multiple of 21?
False
Is 231 even?
False
Is 4146 a multiple of 4?
False
Does 104 divide 208?
True
Is 29 a factor of 29?
True
Does 7 divide 1365?
True
Does 158 divide 13562?
False
Is 17475 a multiple of 137?
False
Is 9 a factor of 10?
False
Is 64 a factor of 4527?
False
Does 20 divide 22693?
False
Is 100 a factor of 10308?
False
Is 15 a factor of 15?
True
Is 10 a factor of 6230?
True
Is 55 a factor of 1045?
True
Is 7 a factor of 2744?
True
Does 41 divide 1469?
False
Is 3 a factor of 525?
True
Is 19 a factor of 804?
False
Is 4908 a multiple of 16?
False
Is 10 a factor of 1640?
True
Does 14 divide 1148?
True
Is 11520 a multiple of 120?
True
Does 2 divide 2674?
True
Is 33 a factor of 593?
False
Does 21 divide 11499?
False
Does 9 divide 4152?
False
Is 626 a multiple of 3?
False
Is 17 a factor of 969?
True
Is 13 a factor of 32396?
True
Is 360 a multiple of 10?
True
Is 2287 a multiple of 112?
False
Does 54 divide 540?
True
Is 1113 a multiple of 53?
True
Is 34 a factor of 2855?
False
Is 10725 a multiple of 75?
True
Is 1728 a multiple of 36?
True
Is 204 a factor of 16406?
False
Is 138 a factor of 690?
True
Is 33 a factor of 2838?
True
Does 8 divide 4471?
False
Is 61 a factor of 2501?
True
Does 8 divide 1652?
False
Is 17447 a multiple of 54?
False
Does 23 divide 713?
True
Is 9 a factor of 55?
False
Is 35 a factor of 1890?
True
Is 2 even?
True
Is 9 a factor of 17931?
False
Is 12 a factor of 3235?
False
Does 4 divide 169?
False
Is 13 a factor of 559?
True
Is 1400 a multiple of 56?
True
Is 10423 a multiple of 30?
False
Does 74 divide 9379?
False
Is 5 a factor of 2800?
True
Is 19199 a multiple of 5?
False
Is 2 a factor of 32595?
False
Is 7 a factor of 1910?
False
Does 17 divide 5729?
True
Is 598 a multiple of 23?
True
Is 12 a factor of 444?
True
Does 10 divide 7290?
True
Does 19 divide 600?
False
Does 21 divide 9576?
True
Is 7774 a multiple of 57?
False
Is 1433 a multiple of 47?
False
Is 401 even?
False
Is 62 a factor of 26269?
False
Does 14 divide 3654?
True
Is 11 a factor of 44?
True
Is 14 a factor of 352?
False
Is 1505 a multiple of 11?
False
Is 3 a factor of 493?
False
Is 1848 a multiple of 66?
True
Does 11 divide 486?
False
Is 18863 a multiple of 13?
True
Is 10892 a multiple of 41?
False
Is 54 a factor of 3409?
False
Is 606 a multiple of 22?
False
Is 217 a multiple of 31?
True
Is 5 a factor of 80?
True
Does 8 divide 791?
False
Is 411 a multiple of 3?
True
Is 516 a multiple of 22?
False
Is 44 a factor of 26796?
True
Is 6069 a multiple of 77?
False
Does 6 divide 828?
True
Is 494 a multiple of 60?
False
Does 22 divide 1958?
True
Is 11 a factor of 30753?
False
Is 181 a factor of 31541?
False
Does 87 divide 3502?
False
Is 1340 a multiple of 30?
False
Is 40 a factor of 2177?
False
Does 59 divide 3304?
True
Is 918 a multiple of 34?
True
Does 15 divide 255?
True
Is 42 a multiple of 4?
False
Is 258 a multiple of 43?
True
Does 5 divide 205?
True
Is 2079 a multiple of 7?
True
Does 18 divide 10075?
False
Does 98 divide 29464?
False
Is 4488 a multiple of 36?
False
Is 18 a factor of 4914?
True
Does 18 divide 207549?
False
Is 4 a factor of 4445?
False
Is 43 a factor of 15330?
False
Does 6 divide 820?
False
Is 22 a factor of 527?
False
Is 23 a factor of 36146?
False
Is 47 a factor of 564?
True
Is 480 a multiple of 4?
True
Does 113 divide 40906?
True
Is 45312 a multiple of 64?
True
Is 308 a multiple of 14?
True
Is 10 a factor of 4800?
True
Is 8 a factor of 22208?
True
Does 12 divide 852?
True
Does 3 divide 25?
False
Is 1854 a multiple of 18?
True
Is 1062 a multiple of 18?
True
Does 7 divide 10073?
True
Does 4 divide 1852?
True
Is 40 a factor of 2645?
False
Is 37 a factor of 2587?
False
Is 115 a factor of 1417?
False
Does 22 divide 1542?
False
Is 13 a factor of 2419?
False
Does 57 divide 1793?
False
Is 10 a factor of 523?
False
Does 33 divide 7458?
True
Is 36 a factor of 144?
True
Does 19 divide 1473?
False
Does 16 divide 880?
True
Is 10 a factor of 1580?
True
Is 22 a factor of 1276?
True
Is 409 a multiple of 30?
False
Is 40 a factor of 480?
True
Does 30 divide 46991?
False
Does 8 divide 568?
True
Does 25 divide 187?
False
Is 15 a factor of 855?
True
Does 20 divide 4741?
False
Does 145 divide 43355?
True
Does 26 divide 521?
False
Is 77 a factor of 14399?
True
Is 327 a factor of 981?
True
Is 2 a factor of 65?
False
Does 5 divide 20?
True
Is 890 a multiple of 3?
False
Does 50 divide 1151?
False
Is 23 a factor of 51612?
True
Does 23 divide 1232?
False
Does 27 divide 7371?
True
Is 13067 a multiple of 13?
False
Is 5 a factor of 3301?
False
Does 69 divide 28260?
False
Does 7 divide 5780?
False
Does 80 divide 42560?
True
Does 27 divide 19062?
True
Is 246 a multiple of 82?
True
Is 1820 a multiple of 77?
False
Is 722 a multiple of 15?
False
Is 2 a factor of 18217?
False
Is 4076 a multiple of 8?
False
Is 15730 a multiple of 11?
True
Is 34 a factor of 345?
False
Is 27733 a multiple of 13?
False
Does 28 divide 34492?
False
Is 176 a factor of 5984?
True
Is 2546 a multiple of 55?
False
Is 60768 a multiple of 96?
True
Does 2 divide 2252?
True
Does 32 divide 14668?
False
Does 11 divide 1133?
True
Does 12 divide 2843?
False
Is 116771 a multiple of 23?
True
Is 11 a factor of 189?
False
Is 64548 a multiple of 163?
True
Is 39300 a multiple of 75?
True
Is 33542 a multiple of 32?
False
Is 137700 a multiple of 60?
True
Does 40 divide 1149?
False
Is 24614 a multiple of 31?
True
Does 34 divide 1156?
True
Is 8970 a multiple of 10?
True
Does 14 divide 39438?
True
Is 14910 a multiple of 34?
False
Is 2 a factor of 3659?
False
Is 3322 a multiple of 15?
False
Is 15 a multiple of 2?
False
Is 25687 a multiple of 11?
False
Is 22792 a multiple of 4?
True
Is 2889 a multiple of 7?
False
Does 20 divide 460?
True
Is 12 a factor of 3487?
False
Does 165 divide 68241?
False
Is 10 a factor of 1940?
True
Does 64 divide 3565?
False
Is 242 a multiple of 31?
False
Is 107 a factor of 23326?
True
Is 27 a factor of 20844?
True
Is 1064 a multiple of 7?
True
Does 22 divide 2619?
False
Does 192 divide 1116?
False
Is 26 a factor of 10530?
True
Is 274 even?
True
Does 16 divide 2040?
False
Does 8 divide 78?
False
Is 22 a factor of 12474?
True
Is 721 a multiple of 16?
False
Does 7 divide 1743?
True
Is 124 a factor of 23799?
False
Does 24 divide 562?
False
Is 12943 a multiple of 9?
False
Is 13 a factor of 416?
True
Is 3345 a multiple of 3?
True
Is 140 a multiple of 35?
True
Is 1110 a multiple of 30?
True
Is 1276 a multiple of 9?
False
Does 7 divide 231?
True
Is 178 even?
True
Is 34 a factor of 1258?
True
Is 152 a factor of 7600?
True
Is 28 a factor of 184?
False
Is 14 a factor of 1000?
False
Is 14 a factor of 294?
True
Is 168 a multiple of 8?
True
Is 2569 a multiple of 94?
False
Does 5 divide 445?
True
Is 29 a multiple of 6?
False
Is 39442 a multiple of 37?
True
Is 11917 a multiple of 3?
False
Is 39633 a multiple of 11?
True
Does 79 divide 1848?
False
Is 25 a factor of 1250?
True
Is 20916 a multiple of 36?
True
Is 28 a factor of 5880?
True
Is 7154 a multiple of 14?
True
Does 14 divide 38199?
False
Does 45 divide 2250?
True
Is 138 a factor of 10764?
True
Is 869 a multiple of 4?
False
Is 162 a factor of 4860?
True
Is 16128 a multiple of 144?
True
Does 2 divide 168?
True
Is 782 a multiple of 23?
True
Does 7 divide 5530?
True
Is 2223 a multiple of 44?
False
Does 71 divide 1804?
False
Is 20 a factor of 940?
True
Is 15960 a multiple of 95?
True
Is 1357 a multiple of 11?
False
Is 6